rime factors of r(-126).
2, 3, 5, 643
Let s be 6/(-9)*-3 + -2. Suppose -2*q = 2*x - 0*q - 2270, s = 3*x + 5*q - 3409. List the prime factors of x.
11, 103
Let n = 35 + -32. Let w(a) = -4*a + 19. Let j be w(n). Suppose -5*b + 148 + j = 0. List the prime factors of b.
31
Suppose -l = -3*o + 2*o - 35, -4*o = l - 45. Let g = 448 - l. What are the prime factors of g?
3, 137
Let u = -424 - -427. Suppose -51*h + 54*h + 3 = 0, -t - u*h + 242 = 0. List the prime factors of t.
5, 7
Suppose -9297 = 29*n + 5145. Let l = n - -724. List the prime factors of l.
2, 113
Suppose -1477 - 347 = -8*n. Let b be ((-6)/5)/(4/(16360/(-3))). Suppose -b = -8*l + n. List the prime factors of l.
233
Let c = 8 + 36. Suppose 10*t + 111 = 5*t + 4*o, -2*t = -2*o + c. Let p = t + 30. What are the prime factors of p?
7
Let r = -2445 + 3927. Let s = r + -869. List the prime factors of s.
613
Suppose -f = 2*u - 18692, -3*f - 5773 = 4*u - 61835. List the prime factors of f.
2, 3, 11, 283
Let h = 246 + -239. Let d(n) = -8 - 8*n - n**2 + 2*n + 5*n**2. List the prime factors of d(h).
2, 73
Suppose 47*u - 157909 - 1118948 = 27252. List the prime factors of u.
3, 3083
Suppose -b = -3*h - 6707, -11436 = -2*b + h + 1978. List the prime factors of b.
19, 353
Suppose 674902 + 693566 = 108*s. List the prime factors of s.
12671
Let o = -4 + 7. Let m(f) = 16 - o*f - 20 + 5*f**2 + 6*f. What are the prime factors of m(2)?
2, 11
Suppose 2*y + 5*k = 42943, -3*y - 21*k + 64412 = -16*k. Suppose -28*c - 833 = -y. List the prime factors of c.
11, 67
Let m be -3 + 196/68 - (-2 + (-114)/102). Suppose -3*o = -107 - 85. Suppose o = m*v + 46. List the prime factors of v.
2, 3
Suppose 87*k - 27246 - 298656 = 0. What are the prime factors of k?
2, 1873
Let b(y) = y**3 + 58*y**2 - 105*y - 2026. List the prime factors of b(-53).
2, 7, 157
Let z(b) be the third derivative of 71*b**4/24 + 163*b**3/3 + 140*b**2. List the prime factors of z(10).
2, 7, 37
Suppose -7 = -5*x + 8. Suppose -2*z - z = -5*h - 38, -5*z + x*h = -42. Suppose j + 230 = z*j. List the prime factors of j.
2, 23
Suppose 4*s - 58123 = -d, 43918 = 3*s + d + 327. What are the prime factors of s?
2, 3, 7, 173
Let r(b) = 4554*b**2 + 19*b - 1. List the prime factors of r(1).
2, 3, 127
Suppose -2*q = -3*c + 1897, 13 - 11 = 2*q. Suppose 5*w - 3*w - 1270 = -2*x, -c = -w - 2*x. What are the prime factors of w?
7, 13
Let s(h) = -2*h - 18. Let t be s(-10). Suppose -2*a + 5 = -5*c - t, -3*c + 21 = 3*a. Suppose -r - 2 = -a. List the prime factors of r.
2
Suppose -9*q = -2*k - 11*q, 2*q = -4. Suppose -2*w = k*g - 14, -g - 4*g + 5*w = -5. Suppose 932 = 5*v - o, -g*o - 197 = 3*v - 770. List the prime factors of v.
11, 17
Let f = -22050 + 38354. List the prime factors of f.
2, 1019
What are the prime factors of 70/21 + 7 + -9 + (-994)/(-6)?
167
Let j(y) = 13*y - 257. Let f be j(0). Let l = 595 + f. What are the prime factors of l?
2, 13
Let o be -4 + (-2)/(-6)*(3 + 180). Let q = -57 + o. Suppose 24 = 4*l - 3*l - 5*t, q = l + 3*t. What are the prime factors of l?
3
Suppose 4 + 16 = 4*a + 4*w, -4*a + 2*w = -38. List the prime factors of (108880/50)/a + 2/(-10).
2, 17
Let d(g) = 6*g**2 + 5*g + 7. Let f be d(4). Let c = f - 124. What are the prime factors of (34*c)/((-2)/12)?
2, 3, 17
Let p(l) = -2*l**2 - 130*l + 140. Suppose 70*m - 480 = 78*m. List the prime factors of p(m).
2, 5, 37
Let p(w) = -2*w**3 - 35*w**2 + 26*w - 20. Let v be p(-19). Suppose 0 = -17*l + 16*l + v. What are the prime factors of l?
569
Suppose -5*o - 19613 = -2*c, c - 9*o = -8*o + 9808. List the prime factors of c.
17, 577
Suppose 11*j = 8*j - 15. What are the prime factors of j/(60/632)*-3 + 4?
2, 3
List the prime factors of (-2*(-3524)/(-2))/(72/(-144)).
2, 881
Let k = 36 - 57. Let x be (252/8)/(2/4). Let g = k + x. List the prime factors of g.
2, 3, 7
Let k(y) = 680*y - 17. What are the prime factors of k(2)?
17, 79
Let c = -165 - -163. List the prime factors of 4/(20/719) - c/10.
2, 3
Let j(y) = 23*y**3 - 2*y**2 - 4*y - 2. Let w be j(-1). Let c = w - -167. What are the prime factors of c?
2, 3
List the prime factors of (-1*(-4)/6)/(13*46/6242223).
6959
Let x(k) = -8*k + 81. Let o(b) = -2*b**2 - 4*b + 44. Let t be o(-7). What are the prime factors of x(t)?
17
Suppose -3*i + 10*i - 196 = 0. Suppose -20*c = -i*c - 392. Let f = c + 79. What are the prime factors of f?
2, 3, 5
Suppose 270123 = 10*y + 96233. List the prime factors of y.
17389
Let v be 8 + -5 + -1 - 0. Suppose v*j + 1969 = 4*m - 323, -5*m = 3*j - 2876. What are the prime factors of m?
2, 7, 41
Suppose 19*c = 15*c, 5*o - 5*c = -5. List the prime factors of 1004 - (1 - o - 238/34).
1009
Let a = -223 - -867. Let t = a + 63. List the prime factors of t.
7, 101
Suppose 23412 = 5*d + 3*t - 7*t, -t = 5*d - 23422. What are the prime factors of d?
2, 1171
Suppose 5*y - d - 6175 = 7041, -5*d = -2*y + 5268. Suppose -y = -30*x + 1136. List the prime factors of x.
2, 3, 7
Suppose 2*q + 3*q - 3*w = 2544, 0 = 3*q - 4*w - 1533. Suppose 11*s = q + 2804. What are the prime factors of s?
7, 43
Suppose -78 = -2*l - 72. Suppose -8 = -u + l. Suppose -u*x = -x - 1930. What are the prime factors of x?
193
Let a(d) = -416*d**3 + 4*d**2 - 3*d - 11. List the prime factors of a(-2).
3, 7, 53
Let a(d) = 6*d**3 - 9*d**2 + 4*d + 16. Let i(c) = 5*c**3 - 8*c**2 + 3*c + 15. Let z(l) = -4*a(l) + 5*i(l). What are the prime factors of z(8)?
7, 37
Let h(d) = -d**2 + d - 46. Let s be h(0). Let i = -42 - s. Suppose 0 = -4*x + 5*g + 107, -2*g - 26 = -i*x + 72. What are the prime factors of x?
23
Let i = 249 + -62. Let y(g) = 22*g - 18 - 12*g + i - 7*g. What are the prime factors of y(0)?
13
Let y(j) = -5*j**2 + 279*j + 315. List the prime factors of y(51).
3, 19
Let q(d) = 7*d**2 - 2*d. Let a be 63 + -59 + (0 - -1 - -21). Let o = -25 + a. What are the prime factors of q(o)?
5
Let f be 34/(-10) - 2/(-5). Let s(h) = -332 + 4*h + 169 + 63*h**2 - 47*h**2 + 167. What are the prime factors of s(f)?
2, 17
Let z(h) be the third derivative of -11*h**4/24 + 7*h**3/6 - 17*h**2. Let p be z(-9). Suppose -x - 4*j + p = j, 2*j = 10. List the prime factors of x.
3
Suppose a + a - 5*h + 9 = 0, 0 = a - 2*h + 6. Let b be 1/((-2)/a*(-12)/(-10)). Suppose 4*d + 49 = b*c, d + 39 = 3*c + 4. What are the prime factors of c?
13
Suppose -3*r - 5*g = -8*r + 290, 4*r - 2*g = 236. What are the prime factors of ((-19720)/r)/(1/(-3))?
2, 17, 29
Let b(j) = -j**3 - 1. Let x be b(-2). Suppose -2*u + 110 = -x*u. Let h = 74 - u. What are the prime factors of h?
2, 3
Let i = 15535 + -10534. What are the prime factors of i?
3, 1667
Let p be (1 + 25/10)*2/(-1). Let c(i) be the first derivative of 5*i**3/3 + 7*i**2 - 14*i + 4. What are the prime factors of c(p)?
7, 19
Suppose 2*u = 4*y + 24, 0 = y - 2*u - 1 + 7. What are the prime factors of y/8*(-6 + -74) - 3?
3, 19
Suppose 18*h - 4*w - 11427 = 13*h, -4*h = -3*w - 9142. What are the prime factors of h?
2287
Suppose -4*y = m - 15, -5*y = 2*m - 6*y + 6. List the prime factors of (m + 20/8)*(94 + -4).
3, 5
Let k = 29 - 27. Let n(q) = -8 + 13*q - k + 3. List the prime factors of n(5).
2, 29
Let n = -11824 - -16935. List the prime factors of n.
19, 269
Let j be (-22 - -5)*1/(-1). Suppose -230 = 12*x - j*x. Suppose -6*w + x = -5*w. What are the prime factors of w?
2, 23
What are the prime factors of (-546)/273 - (-27506 - 0)?
2, 3, 191
Let t be ((-21)/6)/(3/(-6)). Let k(y) be the first derivative of -y**4/4 + 3*y**3 - 7*y**2/2 - 4*y - 88. List the prime factors of k(t).
3, 5
Suppose 78*l = -113*l - 23*l + 12244866. What are the prime factors of l?
3, 19073
Let o(n) = 6*n**3 - 3*n**2 - 16*n + 28. Let z be o(6). Let b = z + -709. List the prime factors of b.
3, 137
Let f be ((-4)/10)/(41/2460). List the prime factors of 2 + (-828)/(f/4).
2, 5, 7
List the prime factors of 7 - 4/(-16)*-30 - 1687/(-2).
3, 281
Let d(a) = 3*a**2 - 184*a + 138. List the prime factors of d(78).
2, 3, 673
Suppose -2*d - 3*c = -18719, 4*d + c - 46790 = -9337. List the prime factors of d.
2, 2341
Let d be (1/(-3))/((-3)/(-18)). Let p be 3 + d/7 + 2736/21. Let m = -77 + p. What are the prime factors of m?
2, 7
Let t(b) = b**3 - 21*b**2 + 39*b - 17. Let z be t(19). Suppose 19*r = -z*r + 14616. List the prime factors of r.
2, 3, 29
Let j(l) be the third derivative of l**5/60 - 2*l**4/3 - 7*l